{"id":4651,"date":"2024-07-26T11:05:41","date_gmt":"2024-07-26T09:05:41","guid":{"rendered":"https:\/\/kenya.diplomatie.gov.bf\/?page_id=4651"},"modified":"2024-10-04T20:41:18","modified_gmt":"2024-10-04T18:41:18","slug":"informations","status":"publish","type":"page","link":"https:\/\/kenya.diplomatie.gov.bf\/index.php\/informations\/","title":{"rendered":"Informations"},"content":{"rendered":"\t\t<div data-elementor-type=\"wp-page\" data-elementor-id=\"4651\" class=\"elementor elementor-4651\" data-elementor-post-type=\"page\">\n\t\t\t\t<div data-particle_enable=\"false\" data-particle-mobile-disabled=\"false\" class=\"elementor-element elementor-element-74e3b7d e-flex e-con-boxed e-con e-parent\" data-id=\"74e3b7d\" data-element_type=\"container\" data-e-type=\"container\">\n\t\t\t\t\t<div class=\"e-con-inner\">\n\t\t\t\t<div class=\"elementor-element elementor-element-fa8b9c7 elementor-widget elementor-widget-text-editor\" data-id=\"fa8b9c7\" data-element_type=\"widget\" data-e-type=\"widget\" data-widget_type=\"text-editor.default\">\n\t\t\t\t<div class=\"elementor-widget-container\">\n\t\t\t\t\t\t\t\t\t<p>Le nombre de ressortissants Burkinab\u00e8 vivant dans la juridiction du Kenya est estim\u00e9 \u00e0 environ 200 personnes. Seule la communaut\u00e9 Burkinab\u00e8 vivant au Kenya est organis\u00e9e en association dont les textes sont en cours de finalisation.<\/p><p>Les relations avec les membres de la communaut\u00e9 burkinab\u00e8 vivant au Kenya sont tr\u00e8s bonnes. C\u2019est un groupe tr\u00e8s soud\u00e9 constitu\u00e9 essentiellement de fonctionnaires internationaux, de religieux et d\u2019\u00e9tudiants pour la plupart et porteurs de projets de d\u00e9veloppement en direction du Burkina Faso.<\/p><p>C\u2019est une communaut\u00e9 \u00e0 f\u00e9liciter car elle a toujours r\u00e9pondu favorablement aux diff\u00e9rentes sollicitations de l\u2019Ambassade.<\/p><p>Actuellement, la gestion de la Communaut\u00e9 est assur\u00e9e par le Doyen, M. BOUSSINI Hiver, fonctionnaire \u00e0 la repr\u00e9sentation de l\u2019Union Africaine \u00e0 Nairobi second\u00e9 dans ses t\u00e2ches par M. OUEDRAOGO Philippe, \u00e9galement fonctionnaire \u00e0 la repr\u00e9sentation de l\u2019Union Africaine \u00e0 Nairobi.<\/p><p>\u00a0<\/p><p>\u00a0<\/p>\t\t\t\t\t\t\t\t<\/div>\n\t\t\t\t<\/div>\n\t\t\t\t\t<\/div>\n\t\t\t\t<\/div>\n\t\t\t\t<\/div>\n\t\t","protected":false},"excerpt":{"rendered":"<p>Le nombre de ressortissants Burkinab\u00e8 vivant dans la juridiction du Kenya est estim\u00e9 \u00e0 environ 200 personnes. Seule la communaut\u00e9 Burkinab\u00e8 vivant au Kenya est organis\u00e9e en association dont les textes sont en cours de finalisation. Les relations avec les membres de la communaut\u00e9 burkinab\u00e8 vivant au Kenya sont tr\u00e8s bonnes. C\u2019est un groupe tr\u00e8s [&hellip;]<\/p>\n","protected":false},"author":9,"featured_media":0,"parent":0,"menu_order":0,"comment_status":"closed","ping_status":"closed","template":"elementor_header_footer","meta":{"_acf_changed":false,"_monsterinsights_skip_tracking":false,"_monsterinsights_sitenote_active":false,"_monsterinsights_sitenote_note":"","_monsterinsights_sitenote_category":0,"footnotes":""},"class_list":["post-4651","page","type-page","status-publish","hentry"],"acf":[],"_links":{"self":[{"href":"https:\/\/kenya.diplomatie.gov.bf\/index.php\/wp-json\/wp\/v2\/pages\/4651","targetHints":{"allow":["GET"]}}],"collection":[{"href":"https:\/\/kenya.diplomatie.gov.bf\/index.php\/wp-json\/wp\/v2\/pages"}],"about":[{"href":"https:\/\/kenya.diplomatie.gov.bf\/index.php\/wp-json\/wp\/v2\/types\/page"}],"author":[{"embeddable":true,"href":"https:\/\/kenya.diplomatie.gov.bf\/index.php\/wp-json\/wp\/v2\/users\/9"}],"replies":[{"embeddable":true,"href":"https:\/\/kenya.diplomatie.gov.bf\/index.php\/wp-json\/wp\/v2\/comments?post=4651"}],"version-history":[{"count":7,"href":"https:\/\/kenya.diplomatie.gov.bf\/index.php\/wp-json\/wp\/v2\/pages\/4651\/revisions"}],"predecessor-version":[{"id":5350,"href":"https:\/\/kenya.diplomatie.gov.bf\/index.php\/wp-json\/wp\/v2\/pages\/4651\/revisions\/5350"}],"wp:attachment":[{"href":"https:\/\/kenya.diplomatie.gov.bf\/index.php\/wp-json\/wp\/v2\/media?parent=4651"}],"curies":[{"name":"wp","href":"https:\/\/api.w.org\/{rel}","templated":true}]}}